uppose 37*a - 21186 = 4*a. What is the hundreds digit of a?
6
Suppose 8 = 8*m - 7*m. Suppose -63 - m = -q. Let l = -32 + q. What is the units digit of l?
9
Let s(f) = -f - 14. Let v(d) = 2*d + 28. Let r(p) = 13*s(p) + 6*v(p). Let x be r(-13). Let l(h) = 22*h**2 + h + 1. What is the tens digit of l(x)?
2
Suppose -138 = -3*g + 5*q, 5*g - 240 = -3*q - 44. Let a = -23 + g. What is the tens digit of a?
1
Suppose -137 = 5*u + 128. Let h = u - -17. What is the units digit of (-8)/h - 842/(-18)?
7
Let d be 4/16 + 162/(-8). Let p be -10*(d/(-8))/(-5). Suppose 0 = 4*w - p - 3. What is the units digit of w?
2
Suppose x - 6*x = 10. Let u = 17 + x. What is the tens digit of (-2)/5 - (-216)/u?
1
Let y(x) be the second derivative of x**3/6 - x**2/2 - 43*x. Let a(m) = -2*m - 1. Let h be a(-4). What is the units digit of y(h)?
6
Let w be 2/((24/(-412))/(-3)). Let f = w + -60. What is the units digit of f?
3
Suppose 0 = -3*g + 6*g + 4*c - 995, -5*c + 350 = g. Suppose 4*v = -3*f + 304 - 739, 2*f + g = -3*v. Let l = v - -156. What is the tens digit of l?
5
Suppose -l + 605 = -5*w + 3*w, -5*l + w + 3070 = 0. What is the hundreds digit of l?
6
Let r(x) = -x**3 + 23*x**2 + 28*x + 5. What is the units digit of r(23)?
9
Let u = 65 + 144. What is the hundreds digit of u?
2
Let x = 8 - 8. Suppose -3*q - q + 164 = x. Let l = q + -25. What is the units digit of l?
6
What is the tens digit of 3/7 - (5 - 7604/28)?
6
Let u(c) be the first derivative of -c**4/4 - 7*c**3/3 - 5*c**2/2 + c - 6. Let f be u(-6). Let b(k) = -k**3 - 5*k**2 - 5*k + 3. What is the tens digit of b(f)?
2
Let p(a) = a**2 - 5*a + 12. Let c be p(12). Suppose -c = -w - 3*w. What is the tens digit of w?
2
Let c be 2 - (-2)/(5/(-5)). Suppose 2*s - 8 - 168 = c. What is the units digit of s?
8
Let z(y) = -y**2 - 5*y - 2. Let s be z(-3). Suppose x - 81 = -s*v, 0 = v + 3*x - 0*x - 34. What is the units digit of v?
9
Suppose -12 = 4*g, 5*x + 4*g = -0 + 8. Suppose -h - x*h = -40. What is the units digit of 6/h - 84/(-16)?
6
Let o = -430 - -538. What is the units digit of o?
8
Let r(p) = 2 + 6*p**2 - 2*p + p**2 + 0*p**2 + 2*p**2. What is the units digit of r(1)?
9
Let d(y) = 1 - 4*y**2 + 6 + y - 5*y + 3*y**2. Let u be d(-5). Suppose -34 = -u*q + 30. What is the units digit of q?
2
Let w(t) = -t**3 + t**2 - 1. Let l be w(1). Suppose -3*c = 9 - 12. What is the units digit of l/(13/14 - c)?
4
Suppose 0*g = -3*g. Suppose g = f - 5*f + 148. Let k = -25 + f. What is the units digit of k?
2
Let i(b) = b**3 - b**2 + 2*b + 3. Let d = 23 + -23. Let q be i(d). What is the tens digit of 0 + 1 + q + 55?
5
Suppose 31 = 2*s + 5*h, -5*h = -4*s - 4*h + 7. Suppose -5*u + 1270 = 5*z, s*u - 2 = z - 236. What is the tens digit of z?
4
Suppose -2*h + 2 = d + h, -4*h = -4*d + 72. What is the units digit of 8/(-28) + 2804/d?
0
Suppose 3*m - 13 = -5*h, 0*h - h = -m - 1. Suppose 3*t - o = -5, -t - 12 = 4*t + h*o. Let g = 13 - t. What is the tens digit of g?
1
Let i be 18/6 - (-1 + 1). Let y = -4 - -9. Suppose -y*j + 14 = 4*g, -j + 3*j = i*g - 22. What is the units digit of g?
6
Let w(i) = 3*i**2 + 5*i - 2. Let b be w(3). Let u be (-2)/10 + (-64)/(-20). Suppose 5*c - 117 = -u*g + b, 4*g + c - 181 = 0. What is the tens digit of g?
4
Let w(v) = -v**3 + 2*v**2 + 2*v + 2. Let k be w(-3). Let q = k + -13. What is the units digit of q?
8
Suppose 5*a - a = 1936. What is the tens digit of a?
8
What is the tens digit of (3 - 2)*(-2 - (2 + -130))?
2
Let h(b) = 9*b**2 - 19*b - 21. What is the tens digit of h(10)?
8
Suppose -3*k + k = -2. Suppose -g = -3 - k. Suppose -78 = -2*n - g*c, 3*n - c - 4*c - 73 = 0. What is the tens digit of n?
3
Suppose -5*c = c - 114. Let j = c - 17. What is the units digit of j?
2
Suppose -3*w = 2*k - 917, 2*w + 2*k = 5*k + 620. Let r = w - 133. What is the tens digit of r?
7
Suppose -2*r - 3 = -137. Let s = r - 108. Let j = 62 + s. What is the tens digit of j?
2
Suppose 0*m - 25 = m. Let s be (2 - 17)*7/(-3). Let w = s + m. What is the units digit of w?
0
Suppose 4*w - 9 = -0*w + l, -2*w - l = -3. Suppose -2*a + 0 = -4. Suppose -a*o - 174 = -5*y, 5*y + w*o = o + 183. What is the units digit of y?
6
What is the units digit of (-167466)/(-390) + 6/10?
0
Suppose 6*x - 1790 = x. What is the hundreds digit of x?
3
Let h(f) = 72 + f**3 - 38 - 2*f - 41. Suppose 0*u - 3 = -u. What is the units digit of h(u)?
4
Let r be 1/(-5) + (-388)/10. Let o(c) = -c**2 - 5*c - 3. Let t be o(-6). What is the tens digit of -3*(-1 - r/t)?
1
Suppose 108 = 3*b + 30. What is the tens digit of b?
2
What is the units digit of (14/(-6) + (-1 - -4))*27?
8
Let s = 125 - 123. Let k(d) = 18*d**2 - 6*d + 1. Let w(n) = -6*n**2 + 2*n. Let m(b) = 3*k(b) + 8*w(b). What is the tens digit of m(s)?
2
Suppose 1495 = 18*j - 1961. What is the tens digit of j?
9
Suppose -8*y = -5*y - 9. Suppose -5*h + 49 = y*u - 173, -2*h + 296 = 4*u. What is the tens digit of u?
7
Let t be (0/(-4 + 3))/(0 + -2). Let m(u) = u + 43. What is the tens digit of m(t)?
4
Let s be (2 - -2) + -3 + -47. Let w = 78 - s. What is the tens digit of w?
2
What is the hundreds digit of ((-18)/4)/((-15)/620)?
1
What is the tens digit of -1 - 63/(-6)*290?
4
What is the units digit of 4/(-3) - (-2600)/60?
2
Let i = -29 + 62. Suppose 3*u + i = 4*l + 918, 3*l = u - 295. What is the tens digit of u?
9
Let v(p) = 276*p**2 - 15*p. What is the hundreds digit of v(-3)?
5
Suppose 29*z = 50342 + 2293. What is the units digit of z?
5
Let k(y) = -5*y**2 - 5*y + 2. Let t(m) = 16*m**2 + 16*m - 5. Let z(b) = -7*k(b) - 2*t(b). What is the tens digit of z(3)?
3
Suppose -2*h + 2*t - 550 = -4*h, -4*h = -3*t - 1114. What is the hundreds digit of h?
2
Let z(a) = 5*a**2 - 20*a - 10. What is the hundreds digit of z(12)?
4
Suppose -8*m + 20 = -3*m. Suppose -8*h + m*h + 220 = 0. What is the units digit of h?
5
Let l = -319 - -673. What is the tens digit of l?
5
Let t(x) = x**3 + 22*x**2 - 8*x - 48. Let n be t(-20). Suppose 0*d = -4*d + n. What is the tens digit of d?
2
Suppose -19*g + 8353 = -1508. What is the units digit of g?
9
Suppose 0 = 5*s - 3*b - 16, -4 = -s + b - 0*b. Suppose s*j = j - 6. What is the units digit of 7 + 1 - (j - -4)?
0
Let i(m) = -4*m - 5. Let v be i(-2). Let c be (42/28)/(v/260). Let w = c + -85. What is the tens digit of w?
4
Let v(t) = 538*t**2 - 4*t - 2. Let u be v(-1). Suppose -5*y = 5*y - u. What is the units digit of y?
4
Suppose -9*i + 5*i = -20. Suppose 2*l + 10 = -3*l, -i*c = l - 18. Suppose -83 = -5*t + c*a, 3*t - a - 5 = 42. What is the units digit of t?
5
Let p(b) be the second derivative of -b**3/3 - 3*b**2/2 - 2*b. Let a be p(-4). What is the units digit of ((-135)/(-25))/(1/a)?
7
Let p(i) = 402*i**2 + 9*i - 15. What is the tens digit of p(2)?
1
Suppose 0 = 11*m - 179 - 173. What is the units digit of m?
2
Suppose -i + 4 + 1 = 0. Suppose i*o = -3*n + 5, n + 0*o = -o + 1. Let k(h) = h + 35. What is the tens digit of k(n)?
3
Suppose 0*a + 1192 = 4*a. What is the units digit of a?
8
What is the hundreds digit of (4/6)/1 - (-9008)/24?
3
Let p(r) = 11*r**2 - 1. Let o be p(1). Let x be (24/o)/((-9)/(-150)). Suppose -3*k = -s - x, -3*k + 2*s + 32 = 3*s. What is the tens digit of k?
1
Let c = -7 + 7. Suppose c = 9*g + 6*g - 3210. What is the tens digit of g?
1
Let w be (-3 - -2)*(-37)/1. Suppose 5*s + 2 = w. Suppose 21 + s = 4*f. What is the units digit of f?
7
Let z be (-2)/7 + (-1043)/(-49). Suppose -2*a - 7 = -z. What is the units digit of a?
7
Suppose 2*w = 4*w - 14. Suppose 51 = w*o - 75. What is the units digit of o?
8
Suppose 4*p - 5*q - 1217 = 0, 5*q + 1515 = 4*p + p. What is the units digit of p?
8
Let j be (-1 - -15)*12/14. What is the tens digit of (-5)/(30/j) + 1 + 28?
2
Suppose 124 = 2*g + 5*q, 4*g - 2*q = q + 222. Suppose -3*l + g = 2*n, -2*n + 3*n = 5*l + 48. What is the units digit of n?
3
Suppose 3*q - 1 = -7. Let a be 30*(-2)/10*q. Suppose o - 59 = -3*o - 3*h, 0 = -4*h - a. What is the units digit of o?
7
Suppose 14*r - 30 = 9*r. Let y(c) = 18*c + 2. Let h be y(r). Suppose l = 6*l - h. What is the units digit of l?
2
Suppose -6*z + 4118 = -1876. What is the hundreds digit of z?
9
Let x = 1413 + 739. What is the thousands digit of x?
2
Let b(q) = -4*q**2 + 12*q - 2. Let t be b(6). Let m = t - -153. What is the units digit of m?
9
Suppose 0 = -14*c + 26*c - 27708. What is the te